73
Let r = 25 - 41. Let p = 24 + r. List the prime factors of p.
2
Let g(c) = c**3 + 5*c**2 + 5*c + 3. Let o be g(-4). What are the prime factors of -4*(45/(-12) - o)?
11
Let q = 99 + 36. What are the prime factors of q?
3, 5
Suppose 3*g = 5*g, 0 = 5*n - 2*g + 45. Let q = n - -21. What are the prime factors of q?
2, 3
Let l(h) = -2*h + 89. List the prime factors of l(0).
89
List the prime factors of -14*(-3)/12*46.
7, 23
Let x be (-2)/9 - 52/9. Let z = 11 + x. What are the prime factors of 1/z + 308/35?
3
What are the prime factors of 188 - 4 - (2 - (2 - -4))?
2, 47
Suppose a - 2 = 22. List the prime factors of a.
2, 3
Let j(q) = q**2 - 2*q - 7. What are the prime factors of j(-5)?
2, 7
Let a be (-1)/(-3) - (-21)/(-9). Let n be (-60)/9 - a/3. What are the prime factors of 4 + -3 - (-1 + n)?
2
Let u(w) = w**2 + w + 3. Let z be u(3). Suppose z = x - 7. List the prime factors of x.
2, 11
Let o = 10 + -6. Suppose 3*p + 2*v = -p + 16, 0 = o*p + 3*v - 20. Suppose -40 = -p*y - 3*y. List the prime factors of y.
2
Let x be (1 + -2)*4/(-2). Let s = 4 - x. Let m = 9 - s. List the prime factors of m.
7
What are the prime factors of 7/(-3) + 2 + (-1202)/(-6)?
2, 5
Let g(w) = w + 8. Let n be g(7). Suppose -n = 3*i, 5*u + i - 2*i = -10. List the prime factors of (-4)/2*u/1.
2, 3
Let f = 15 + -13. What are the prime factors of f?
2
Suppose 2*v + 208 = 5*j, -j = 6*v - 2*v - 46. Let n = -25 + j. Suppose -3 = -4*y + n, -20 = -d - 2*y. What are the prime factors of d?
2, 5
Let j be 2/4 - (-125)/(-2). Let w = j - -102. Suppose 5*m - 5*c - 30 = 0, 0 = -8*m + 3*m + 3*c + w. List the prime factors of m.
11
Suppose 5 = w + 3*i - 4, -4*w = 2*i - 76. Suppose -s = 2*s - w. Let p = s + 5. What are the prime factors of p?
2, 3
Let y be 2/(-10) - (-6)/30. Suppose 4*u - 25 = -j, y*j + 3*j - u = 101. What are the prime factors of j?
3, 11
Let a(x) = 22*x**2 + 4*x + 4. What are the prime factors of a(-2)?
2, 3, 7
Suppose 0 = 3*l - 12. Suppose 2*t - 45 = -2*t - 5*o, 5*o = l*t - 35. List the prime factors of t.
2, 5
Let n = 12 + -2. What are the prime factors of 175/14*12/n?
3, 5
Let m(y) = 3*y + 13. Let t(x) = x + 6. Let g(f) = -2*m(f) + 5*t(f). Let u be g(7). What are the prime factors of (-3)/(-9) + (-20)/u?
7
Let m(l) = 2*l. Let t be m(1). Suppose -4*w = 2*b - 2, -t*w - 26 = -4*b + 2*b. What are the prime factors of b?
3
Suppose 2*m + 538 = 3*h - 190, -m - 484 = -2*h. What are the prime factors of h?
2, 3, 5
Suppose -a - a + 22 = 0. Suppose a*u - 40 = 7*u. What are the prime factors of u?
2, 5
Suppose 0 = -w + 2*c - 7*c + 50, -2*c = 3*w - 111. What are the prime factors of w?
5, 7
Let a(b) = -b**2 - 7*b - 6. Let r be a(-4). Suppose i - r = -0*i. What are the prime factors of i?
2, 3
Let k = -37 - -63. Suppose -k = u - 3*u. What are the prime factors of u?
13
Let s = -55 + 100. List the prime factors of s.
3, 5
Suppose 4*r - v - 155 = 0, v + 4 = 5. Suppose -3*f + 2*f = -r. What are the prime factors of f?
3, 13
Suppose -205 = -3*k + 953. What are the prime factors of k?
2, 193
Let m(l) = l**3 + 4*l**2 - 3*l - 1. Let u(s) = s**3 + 7*s**2 - 8*s + 3. Let r be u(-8). Suppose 10 = -r*o - 2. What are the prime factors of m(o)?
11
Let l = -92 - -324. List the prime factors of l.
2, 29
Suppose t = 4*q - 13, -1 = -4*q - 3*t + 8. Suppose -3*h = -5*d - 7, 0 = 4*d - q*h + h + 4. List the prime factors of (-1)/(2/d)*-6.
3
Let y(m) = -m**3 + 7*m**2 - 6*m + 2. Let c be y(6). Let q be ((-4)/(-6))/(c/15). Suppose -9 = -q*j + 6. What are the prime factors of j?
3
Suppose 2 = i - 4. Suppose 0*r + 4*r - 5*h = -27, -4*r - 6 = 2*h. Let q = i + r. List the prime factors of q.
3
Suppose 0 = -3*l + l - 4*p + 4, 0 = -3*l - 4*p + 8. Let v(d) = -d**2 + 9*d + 3. Let j be v(l). Let x = 32 - j. List the prime factors of x.
3
Suppose 0 = -3*y - 5*p + 549, 0 = -5*y - 9*p + 8*p + 893. List the prime factors of y.
2, 89
Suppose 3*o = 5*z + 37, -4*o - z - 47 = -9*o. List the prime factors of (-3)/(-2)*60/o.
2, 5
Let j(z) = 40*z**2 - 7. List the prime factors of j(-2).
3, 17
Let w(p) = 2*p**2 + 5*p + 2. Let t be w(-6). Suppose 0 = -3*a + t + 49. List the prime factors of a.
31
Let w = -2 - -6. Suppose -4*c = j + 7, j - c = 12 - w. Suppose j*v = 17 - 7. What are the prime factors of v?
2
Let l = 20 + -3. Let d = l - 5. What are the prime factors of d?
2, 3
What are the prime factors of (1 - 3)*(-16 - 2)?
2, 3
Suppose 2*j = 5*j - 12. Suppose -j*n = n. Suppose 3*w = 4*z + 47, n*z = w - z - 14. List the prime factors of w.
3
Suppose 2*o = -o + 12. Suppose 10 = 5*g, 3*h + o*g - 50 = -0*h. List the prime factors of h.
2, 7
Let s = 1 - -52. List the prime factors of s.
53
Suppose -5*x = -2*w + 114, -32 = -w - 3*x + 25. What are the prime factors of w?
3, 19
Let m(z) = 3*z**2 - 8*z. Let b(a) = -a**2 - a. Let c(v) = -2*b(v) - m(v). What are the prime factors of c(8)?
2
Suppose -2*m - 2*f + 26 = 0, 3*f + 34 - 3 = 2*m. Let w = -3 + m. What are the prime factors of w?
11
Let k(m) = -m**2 - 12*m - 6. List the prime factors of k(-7).
29
Let o = -62 + 103. Suppose -2*p + 3*p - 4*l = 2, 0 = -5*p + 5*l + 10. Suppose -4*h - o = -3*g, 0*g - 30 = -2*g + p*h. What are the prime factors of g?
19
Let b(c) = c**2 + 20. What are the prime factors of b(0)?
2, 5
Let f be (-9)/27 - (-10)/3. Suppose -2*o - f*o = -240. List the prime factors of o.
2, 3
Suppose 5*v = 34 + 46. Suppose -5*d + 4 = -v. What are the prime factors of d?
2
Let b(t) = -t**3 + t**2 + t - 1. Let c(f) = 18*f**3 - f + 2. Let u(r) = -2*b(r) - c(r). What are the prime factors of u(-1)?
3, 5
What are the prime factors of 1*(-238)/(-2) + (-3)/1?
2, 29
Suppose 17*q - 2*q = 3315. What are the prime factors of q?
13, 17
Suppose -2*j = -3*l - 7*j + 73, 0 = 2*l - 5*j - 32. List the prime factors of l.
3, 7
What are the prime factors of (-522)/(-27) - 4/(-6)?
2, 5
Let i = 2 - 0. Suppose -2*p = -2*q - 120, -4*q - 6*p + 2*p = 248. List the prime factors of q/(-5) + i/(-10).
2, 3
List the prime factors of ((-14)/42)/(2/(-150)).
5
Let n(p) = -p**3 + p - 2. Let x be n(-2). Suppose -20 = 4*f, -x*m + 0*f - f + 203 = 0. What are the prime factors of m?
2, 13
Suppose -69 = -4*s - 9. Suppose 170 = 5*h + s. Suppose h = 4*j + 4*r - 5*r, 0 = 2*j + r - 17. List the prime factors of j.
2
Suppose -7*b = -3*b + 40. Let l = b - -14. What are the prime factors of l?
2
Let p(t) be the second derivative of t**5/20 - 2*t**3/3 + 3*t**2/2 - 4*t. Let u be p(2). Suppose -f + 5*j = -u, 2*j - 1 = -f + 2. List the prime factors of f.
3
Suppose 2*c + 3*c = 0. Suppose 5*d - 85 = -c*d. List the prime factors of d.
17
Let g = -5 + 5. Suppose -5*z + 17 = -2*u, g = -u + 3*u + 4*z - 28. Suppose 12 = -u*o + 5*o. List the prime factors of o.
2, 3
Let v(j) = -5*j + 4. Let z be v(-4). Let i(n) = -n**2 + 3*n + 4. Let k be i(3). Suppose k*g - p - 25 - z = 0, 3*g = 3*p + 48. List the prime factors of g.
11
Let q = -18 + 40. Suppose -2*f - c - 1 = q, -4*c = 3*f + 42. Let o = -1 - f. What are the prime factors of o?
3
Suppose 5 = p - 0*p. Suppose -p*b + 2 + 28 = 0. List the prime factors of b.
2, 3
Let d = 219 - 11. What are the prime factors of d?
2, 13
What are the prime factors of (-3)/(-6) + (-4070)/(-20)?
2, 3, 17
Suppose -x + 3*x = -64. Let n be (-15)/6*x/10. Suppose -n*f + 45 = -3*f. What are the prime factors of f?
3
Suppose 8 = 2*b + 4*x, -4*b = x - 11 - 5. Let l = 3 - b. List the prime factors of ((-4)/8)/(l/10).
5
Let i = 2 + 4. Let v = 6 - i. Suppose v = u - 6 + 1. List the prime factors of u.
5
Let z = 65 + -39. List the prime factors of z.
2, 13
Suppose -p = -0*p. Let x be 2 - (-66 - p)/3. Suppose 0 = 4*q - 2*i - x, -2*q + 13 + 11 = 2*i. What are the prime factors of q?
2
Suppose 20 = 8*y - 4*y - 4*u, -2*u - 10 = y. Suppose w + y = 1. List the prime factors of (55/15)/(w/3).
11
Suppose 139 = 2*o - 137. List the prime factors of o.
2, 3, 23
Let h = 5 + -2. Suppose h = 4*w - 9. Suppose -1 = j - w. List the prime factors of j.
2
Let d(m) = 5*m**2. Let z be d(-3). What are the prime factors of z/5 + (1 - 2)?
2
Let y = 77 + -45. List the prime factors of y.
2
Let u = -24 + 53. List the prime factors of u.
29
Let b be (-16)/9 + (-16)/72. Let y be b/5 + 168/(-30). What are the prime factors of (-56)/y + (-4)/(-6)?
2, 5
Suppose -2*x = -2*w + 5 + 1, -w = 4*x + 7. List the prime factors of (36/8)/(w/2).
3
Suppose 0 